{"id":20,"date":"2012-11-18T20:24:29","date_gmt":"2012-11-18T19:24:29","guid":{"rendered":"http:\/\/192.168.0.10\/magnetisme\/?page_id=20"},"modified":"2024-07-30T15:23:03","modified_gmt":"2024-07-30T14:23:03","slug":"mes-specialites","status":"publish","type":"page","link":"https:\/\/www.mwanzo.fr\/magnetisme\/mes-specialites\/","title":{"rendered":"Mes sp\u00e9cialit\u00e9s"},"content":{"rendered":"<p><span style=\"color: #0000ff;\"><span style=\"color: #000080;\">Il y a \u00e9videmment beaucoup de choses que je peux soulager. Mais j&rsquo;ai voulu ici vous parler de celles dont je m&rsquo;occupe le plus fr\u00e9quemment.<br \/>\n<\/span><\/span><\/p>\n<p><span style=\"color: #000080;\">J&rsquo;ai \u00e9tabli cette liste pour vous permettre de savoir facilement quels probl\u00e8mes je peux r\u00e9gler. Elle repr\u00e9sente ce que j&rsquo;ai d\u00e9j\u00e0 exp\u00e9riment\u00e9 avec succ\u00e8s au fur et \u00e0 mesure des cas qui se sont pr\u00e9sent\u00e9s \u00e0 moi. Si votre souci n&rsquo;est pas pr\u00e9sent dans ce descriptif cela ne signifie pas que je ne peux pas vous aider. Juste que je n&rsquo;ai pas encore essay\u00e9.<\/span><\/p>\n<p><span style=\"color: #000080;\">Dans le chapitre \u00ab\u00a0douleurs\u00a0\u00bb je fais r\u00e9f\u00e9rence \u00e9videmment \u00e0 beaucoup de pathologies. J&rsquo;arrive souvent \u00e0 soulager la douleur quelques soient les pathologies, que ce soit en enlevant la pathologie en elle-m\u00eame ou au moins en enlevant ou att\u00e9nuant la douleur. <\/span><\/p>\n<p><span style=\"color: #0000ff;\"><span style=\"color: #000080;\"> Comme le soin par magn\u00e9tisme d\u00e9pend de la r\u00e9ceptivit\u00e9 de la personne, je ne peux cependant pas garantir un r\u00e9sultat identique \u00e0 chacun. Quand je constate que la s\u00e9ance n&rsquo;a pas fonctionn\u00e9e et n&rsquo;a rien apport\u00e9e, chose heureusement qui arrive peu, je ne fais rien payer.<br \/>\n<\/span><\/span><\/p>\n<p><span style=\"color: #000080;\">G\u00e9n\u00e9ralement le r\u00e9sultat se fait sentir pendant la s\u00e9ance (douleur qui dispara\u00eet, mieux-\u00eatre, d\u00e9blocage physique&#8230;.). Concernant les maladies de peaux les effets peuvent \u00eatre plus lents (dans les jours qui suivent la s\u00e9ance&#8230;) le temps que la peau se refasse mais l&rsquo;aspect de la peau change souvent pendant la s\u00e9ance (moins rouge, aspect moins rugueux ou plus souple, t\u00e2che ayant diminu\u00e9e).<\/span><\/p>\n<p><span style=\"color: #0000ff;\"><span style=\"color: #000080;\"><strong> Aucun traitement m\u00e9dical ne doit \u00eatre interrompu sans avis m\u00e9dical.<\/strong><br \/>\n<\/span><\/span><\/p>\n<p>&nbsp;<\/p>\n<p style=\"text-align: center;\"><span style=\"color: #000080;\"><strong><span style=\"text-decoration: underline;\">Les douleurs<\/span><\/strong><br \/>\n<\/span><\/p>\n<p style=\"text-align: center;\"><span style=\"color: #000080;\"> D&rsquo;une mani\u00e8re g\u00e9n\u00e9rale je soulage les douleurs rapidement.<br \/>\n<\/span><\/p>\n<p>&nbsp;<\/p>\n<p style=\"text-align: center;\"><span style=\"color: #000080;\"><strong><span style=\"text-decoration: underline;\">Les pouss\u00e9es dentaires\/mal de dents<\/span><\/strong><br \/>\n<\/span><\/p>\n<p style=\"text-align: center;\"><span style=\"color: #000080;\"> J&rsquo;ai de bons r\u00e9sultats. La pouss\u00e9e dentaire n&rsquo;est pas une maladie, je permets juste qu&rsquo;elle se d\u00e9roule sans douleur. Je peux \u00e9galement soulager une rage de dents tr\u00e8s rapidement, mais \u00e9videmment, en cas de carie, cela ne remplacera pas la visite chez le dentiste ! Apr\u00e8s extraction dentaire, si les gencives sont douloureuses ou les joues enfl\u00e9es, je peux enlever la douleur et les joues d\u00e9gonflent rapidement.<\/span><\/p>\n<p>&nbsp;<\/p>\n<p style=\"text-align: center;\"><span style=\"color: #000080;\"><strong><span style=\"text-decoration: underline;\">Le mal de dos ou blocage du dos<\/span><\/strong><\/span><\/p>\n<p style=\"text-align: center;\"><span style=\"color: #000080;\"> Le r\u00e9sultat se fait sentir rapidement et est durable en g\u00e9n\u00e9ral. (sciatique, lumbago).<\/span><\/p>\n<p>&nbsp;<\/p>\n<p style=\"text-align: center;\"><span style=\"color: #000080;\"><strong><span style=\"text-decoration: underline;\">Les maladies de peau<\/span><\/strong><\/span><\/p>\n<p style=\"text-align: center;\"><span style=\"color: #000080;\"> Ecz\u00e9ma, psoriasis, verrue. En quelques s\u00e9ances. Le nombre de s\u00e9ances n\u00e9cessaire est variable selon chaque personne. En g\u00e9n\u00e9ral, plus leur apparition est r\u00e9cente plus le soin est rapide. J&rsquo;acc\u00e9l\u00e8re la cicatrisation \u00e9galement.<\/span><\/p>\n<p>&nbsp;<\/p>\n<p style=\"text-align: center;\"><strong><span style=\"color: #000080;\">L&rsquo;hyperactivit\u00e9<\/span><\/strong><\/p>\n<p style=\"text-align: center;\"><span style=\"color: #000080;\">J&rsquo;ai pu rendre le calme mental et physique \u00e0 un enfant tr\u00e8s rapidement.<\/span><\/p>\n<p>&nbsp;<\/p>\n<p style=\"text-align: center;\"><strong><span style=\"color: #333399;\">Les Kystes<\/span><\/strong><\/p>\n<p style=\"text-align: center;\"><span style=\"color: #333399;\">R\u00e9duction de la grosseur du kyste (que l&rsquo;on peut constater au toucher s&rsquo;il est en surface de la peau) pendant la s\u00e9ance. Disparition totale au bout d&rsquo;un certain nombre de s\u00e9ance, sachant que les s\u00e9ances suppl\u00e9mentaires sont gratuites.<\/span><\/p>\n<p>&nbsp;<\/p>\n<p style=\"text-align: center;\"><span style=\"color: #000080;\"><strong><span style=\"text-decoration: underline;\">Les Grands Br\u00fbl\u00e9s<\/span><\/strong><\/span><\/p>\n<p style=\"text-align: center;\"><span style=\"color: #000080;\"> J\u2019assouplis les brides pour redonner de la mobilit\u00e9 aux membres. Je soulage la douleur des br\u00fblures et des cicatrices. J&rsquo;am\u00e9liore l&rsquo;aspect de la peau. (R\u00e9sultat constat\u00e9 par kin\u00e9).<\/span><\/p>\n<p>&nbsp;<\/p>\n<p style=\"text-align: center;\"><span style=\"color: #000080;\"><strong><span style=\"text-decoration: underline;\">Chimioth\u00e9rapie<\/span><\/strong><\/span><\/p>\n<p style=\"text-align: center;\"><span style=\"color: #000080;\"> J&rsquo;agis pour faire dispara\u00eetre les effets ind\u00e9sirables. Notamment les rougeurs (qui sont \u00e9galement douloureuses) sur la peau.<\/span><\/p>\n<p>&nbsp;<\/p>\n<p style=\"text-align: center;\"><span style=\"color: #000080;\"><strong><span style=\"text-decoration: underline;\">Arr\u00eat de la cigarette<\/span><\/strong><\/span><\/p>\n<p style=\"text-align: center;\"><span style=\"color: #000080;\"> Je rends sans int\u00e9r\u00eat le fait de fumer. La personne ne ressent pas le manque et n&rsquo;a plus envie de fumer. J&rsquo;accompagne pendant les jours suivants la personne par photo. (la personne doit r\u00e9ellement avoir envie d&rsquo;arr\u00eater de fumer). Une deuxi\u00e8me s\u00e9ance peut \u00eatre n\u00e9cessaire. <\/span><span style=\"color: #333399;\">Soit la personne arr\u00eate totalement de fumer, soit elle diminue consid\u00e9rablement sa consommation (par exemple 2 ou 3 cigarettes au lieu d&rsquo;un paquet par jour). Je peux voir pendant la s\u00e9ance si cela ne fonctionne pas du tout, dans ce cas la personne ne paie pas la s\u00e9ance.<\/span><\/p>\n<p>&nbsp;<\/p>\n<p style=\"text-align: center;\"><span style=\"color: #000080;\"><strong><span style=\"text-decoration: underline;\">Le stress<\/span><\/strong><\/span><\/p>\n<p style=\"text-align: center;\"><span style=\"color: #000080;\"> L&rsquo;accumulation de stress est nocive pour la sant\u00e9 et engendre un \u00ab\u00a0mal-\u00eatre\u00a0\u00bb g\u00e9n\u00e9ral. Je nettoie les corps \u00e9nerg\u00e9tiques. La personne se sent d\u00e9tendue, plus sereine. (Je l&rsquo;associe souvent aux autres soins car les personnes sont souvent stress\u00e9es).<\/span><\/p>\n<p>&nbsp;<\/p>\n<p>&nbsp;<\/p>\n<p style=\"text-align: center;\"><span style=\"color: #000080;\"><strong><span style=\"text-decoration: underline;\">Redonne de l&rsquo;\u00e9nergie<\/span><\/strong><\/span><\/p>\n<p style=\"text-align: center;\"><span style=\"color: #000080;\"> Je l&rsquo;associe souvent aux autres soins pour optimiser l&rsquo;\u00e9tat physique de la personne<strong>.<br \/>\n<\/strong><\/span><\/p>\n<p>&nbsp;<\/p>\n<p style=\"text-align: center;\"><span style=\"color: #000080;\"><span style=\"text-decoration: underline;\"><strong>Conseils<\/strong><\/span><\/span><\/p>\n<p style=\"text-align: center;\"><span style=\"color: #000080;\"> Au cours de la s\u00e9ance, il m&rsquo;arrive souvent (pas syst\u00e9matiquement) d&rsquo;avoir des ressentis sur la personne qui peuvent me permettre d&rsquo;\u00e9clairer celle-ci sur sa situation. Je peux recevoir des messages \u00e0 lui transmettre aussi.<\/span><\/p>\n<p>&nbsp;<\/p>\n<p style=\"text-align: center;\"><span style=\"color: #000080;\"><span style=\"text-decoration: underline;\"><strong>Les animaux<\/strong><\/span><\/span><\/p>\n<p style=\"text-align: center;\"><span style=\"color: #000080;\"> Je peux \u00e9galement les soulager.<\/span><\/p>\n<p>&nbsp;<\/p>\n<p style=\"text-align: center;\"><span style=\"color: #000080;\"><strong><span style=\"text-decoration: underline;\">Autres<\/span><\/strong><\/span><\/p>\n<p style=\"text-align: center;\"><span style=\"color: #000080;\">Atteintes du syst\u00e8me osseux et articulaire, musculo-tendineux, nerveux, digestif, respiratoire, g\u00e9nito-urinaire, cutan\u00e9, circulatoire, lymphatique, d\u00e9pression, angoisse,\u00a0 fatigue, migraine, insomnie, troubles alimentaires&#8230;<br \/>\n<\/span><\/p>\n","protected":false},"excerpt":{"rendered":"<p>Il y a \u00e9videmment beaucoup de choses que je peux soulager. Mais j&rsquo;ai voulu ici vous parler de celles dont je m&rsquo;occupe le plus fr\u00e9quemment. J&rsquo;ai \u00e9tabli cette liste pour vous permettre de savoir facilement quels probl\u00e8mes je peux r\u00e9gler. Elle repr\u00e9sente ce que j&rsquo;ai d\u00e9j\u00e0 exp\u00e9riment\u00e9 avec succ\u00e8s au fur et \u00e0 mesure des [&#8230;]<\/p>\n","protected":false},"author":1,"featured_media":0,"parent":0,"menu_order":3,"comment_status":"closed","ping_status":"open","template":"","meta":{"footnotes":""},"class_list":["post-20","page","type-page","status-publish","hentry"],"_links":{"self":[{"href":"https:\/\/www.mwanzo.fr\/magnetisme\/wp-json\/wp\/v2\/pages\/20","targetHints":{"allow":["GET"]}}],"collection":[{"href":"https:\/\/www.mwanzo.fr\/magnetisme\/wp-json\/wp\/v2\/pages"}],"about":[{"href":"https:\/\/www.mwanzo.fr\/magnetisme\/wp-json\/wp\/v2\/types\/page"}],"author":[{"embeddable":true,"href":"https:\/\/www.mwanzo.fr\/magnetisme\/wp-json\/wp\/v2\/users\/1"}],"replies":[{"embeddable":true,"href":"https:\/\/www.mwanzo.fr\/magnetisme\/wp-json\/wp\/v2\/comments?post=20"}],"version-history":[{"count":4,"href":"https:\/\/www.mwanzo.fr\/magnetisme\/wp-json\/wp\/v2\/pages\/20\/revisions"}],"predecessor-version":[{"id":512,"href":"https:\/\/www.mwanzo.fr\/magnetisme\/wp-json\/wp\/v2\/pages\/20\/revisions\/512"}],"wp:attachment":[{"href":"https:\/\/www.mwanzo.fr\/magnetisme\/wp-json\/wp\/v2\/media?parent=20"}],"curies":[{"name":"wp","href":"https:\/\/api.w.org\/{rel}","templated":true}]}}